{"id":130,"date":"2014-12-10T10:43:54","date_gmt":"2014-12-10T10:43:54","guid":{"rendered":""},"modified":"2020-10-05T07:34:14","modified_gmt":"2020-10-05T07:34:14","slug":"profile","status":"publish","type":"page","link":"https:\/\/qvist-arkitektur.com\/index.php\/profile\/","title":{"rendered":"Tegnestuen"},"content":{"rendered":"<p>Vi er tegnestuen <b>QVIST ARKITEKTUR-<\/b> et lille, innovativt arkitektfirma med bred erfaring indenfor nordisk og skandinavisk arkitektur.<span class=\"Apple-converted-space\">\u00a0<\/span>Vores <b>vision<\/b> er at skabe personlig arkitektur for alle. Uanset \u00f8konomien tegner vi et <b>unikt arkitekttegnet hus<\/b> eller <b>sommerhus<\/b> som passer netop jer. Vi kan st\u00e5 for hele jeres projekt fra skitseforslag til n\u00f8glef\u00e6rdigt projekt \u2013 det vi kalder totalr\u00e5dgivning \u2013 eller I kan v\u00e6lge at vi kun skal st\u00e5 for dele af projektet.<span class=\"Apple-converted-space\">\u00a0<\/span>Arkitekt <b>Lars Qvist<\/b> som er indehaver af QVIST ARKITEKTUR har i over 20 \u00e5r hjulpet private og firmaer med bygningsarkitektur og projektledelse.<\/p>\n<p>Hvis I<b> g\u00e5r med byggetanker<\/b>, vil det gl\u00e6de os at hj\u00e6lpe jer- f\u00f8rste m\u00f8de er <b>helt gratis!<span class=\"Apple-converted-space\">\u00a0<\/span><\/b><\/p>\n","protected":false},"excerpt":{"rendered":"<p>Vi er tegnestuen QVIST ARKITEKTUR- et lille, innovativt arkitektfirma med bred erfaring indenfor nordisk og skandinavisk arkitektur.\u00a0Vores vision er at skabe personlig arkitektur for alle. Uanset \u00f8konomien tegner vi et unikt arkitekttegnet hus eller sommerhus som passer netop jer. Vi kan st\u00e5 for hele jeres projekt fra skitseforslag til n\u00f8glef\u00e6rdigt projekt \u2013 det vi kalder..<\/p>\n","protected":false},"author":1,"featured_media":0,"parent":0,"menu_order":0,"comment_status":"closed","ping_status":"closed","template":"","meta":{"content-type":"","footnotes":""},"class_list":["post-130","page","type-page","status-publish","hentry"],"_links":{"self":[{"href":"https:\/\/qvist-arkitektur.com\/index.php\/wp-json\/wp\/v2\/pages\/130","targetHints":{"allow":["GET"]}}],"collection":[{"href":"https:\/\/qvist-arkitektur.com\/index.php\/wp-json\/wp\/v2\/pages"}],"about":[{"href":"https:\/\/qvist-arkitektur.com\/index.php\/wp-json\/wp\/v2\/types\/page"}],"author":[{"embeddable":true,"href":"https:\/\/qvist-arkitektur.com\/index.php\/wp-json\/wp\/v2\/users\/1"}],"replies":[{"embeddable":true,"href":"https:\/\/qvist-arkitektur.com\/index.php\/wp-json\/wp\/v2\/comments?post=130"}],"version-history":[{"count":7,"href":"https:\/\/qvist-arkitektur.com\/index.php\/wp-json\/wp\/v2\/pages\/130\/revisions"}],"predecessor-version":[{"id":1175,"href":"https:\/\/qvist-arkitektur.com\/index.php\/wp-json\/wp\/v2\/pages\/130\/revisions\/1175"}],"wp:attachment":[{"href":"https:\/\/qvist-arkitektur.com\/index.php\/wp-json\/wp\/v2\/media?parent=130"}],"curies":[{"name":"wp","href":"https:\/\/api.w.org\/{rel}","templated":true}]}}